 14 and o.
2
Suppose 101*f - 99*f + 1926 = 4*l, 3*f - 15 = 0. What is the highest common divisor of 1573 and l?
121
Let b = -3409 - -4379. Calculate the greatest common factor of b and 30.
10
Let m(f) = f**3 + 3*f**2 - 11*f + 1. Let n be m(-5). Suppose 2*a = n, -3*a + 185 = -4*c + 6*c. What is the highest common divisor of 8 and c?
8
Let d = 859 - 859. Suppose 4*s - 124 = -4*g - d, -5*s + 205 = -5*g. Let i be 8/2*(1 - -2). What is the highest common divisor of i and s?
12
Let d be 1700/6188 + 6/(-14) + (-248252)/(-26). What is the greatest common divisor of d and 14?
14
Let x be (12/(-1))/(-52 - -51). Suppose -3*a + 5*a - 36 = 0. Calculate the highest common divisor of a and x.
6
Let s = -14 + 24. Suppose -28*q - 120 = -48*q. Let b(w) = 2*w**2 - 2*w - 40. Let h be b(q). Calculate the greatest common factor of h and s.
10
Let w = -5 - -7. Suppose w*o - 66 = 5*t, -4*t = -9*t - 4*o - 78. Let l = 6 - t. Calculate the greatest common factor of 160 and l.
20
Let n = -4362 + 4608. What is the highest common factor of 943 and n?
41
Suppose 86 = 5*w - 14. Let c = 319 - 317. Suppose 0 = -9*q + 43 + c. What is the greatest common factor of q and w?
5
Let r be (-12495)/75 - (-4)/(-10). Let a = -109 - r. Suppose -6*n + 3*j + 54 = -3*n, -3*n = -5*j - a. Calculate the highest common factor of n and 16.
16
Suppose 178 = -11*s + 1179. Calculate the greatest common factor of 21749 and s.
91
Let r be (-10)/(-2) - (-8 + 34 - 2197). What is the highest common factor of 1408 and r?
128
Let u = 32144 + -26018. Calculate the greatest common divisor of 6 and u.
6
Let a be 12 + 11/((-55)/90) - 138/(-2). What is the greatest common divisor of a and 252?
63
Let f(x) be the first derivative of 17*x**2/2 + 134*x + 28. Let k be f(10). What is the highest common factor of 19 and k?
19
Let m(q) = -q**3 + 15*q**2 - 28*q - 35. Let r be m(12). Calculate the greatest common divisor of r and 1586.
61
Let m be ((-120)/(-16))/((-2)/108). Let d = 447 + m. Calculate the highest common factor of d and 6.
6
Let g = 46 - 40. Let a(t) = t**3 - 7*t**2 + 12*t - 10. Let h be a(g). Calculate the highest common factor of h and 104.
26
Let d = -443 + 443. Suppose -3*f + i + 5 = d, -f + 2*f + 9 = 3*i. What is the greatest common factor of f and 12?
3
Let b(v) = 2*v**2 - 32*v - 205. Let a be b(21). Let r = -87 - -272. What is the greatest common divisor of a and r?
5
Let u(y) = 99*y - 6872. Let t be u(135). Calculate the highest common factor of 604 and t.
151
Suppose 0 = -5*p + v + 45, -4*p + 650*v = 649*v - 34. Suppose k = -k + 242. Calculate the highest common factor of k and p.
11
Suppose 0 = -140*p + 337*p - 4077900. Calculate the highest common divisor of 50 and p.
50
Suppose -15597*w - 871 = -15610*w. What is the greatest common divisor of w and 2412?
67
Suppose 5*m + 10 + 28 = -c, -3*c - 2*m - 166 = 0. Let h = 120 + c. Let z = h + -53. Calculate the greatest common divisor of 63 and z.
9
Suppose 16*t + c = 17*t - 145, -2*t + c + 297 = 0. Let x = 17 + 21. Calculate the highest common factor of x and t.
38
Suppose -735 - 26037 = -12*a. What is the greatest common divisor of a and 485?
97
Let f = -576 + 573. Let n be ((-41)/f - 0) + 12/(-18). Calculate the greatest common factor of 871 and n.
13
Suppose 5*t - 3*v - 3354 = 0, -8*v + 1352 = 2*t - 4*v. What is the greatest common divisor of t and 6888?
168
Let h(v) = 2*v**2 - 10*v + 86. Let q be h(5). Suppose 3*f = -4*u + 2*f + 260, 0 = -u + 5*f + q. Calculate the highest common divisor of 110 and u.
22
Let i(y) = -1171*y - 8024. Let u be i(-8). Calculate the greatest common divisor of 756 and u.
84
Let s = 358 - 353. Suppose -16 - 9 = -s*g. What is the greatest common divisor of g and 65?
5
Let o = 66 + -70. Let y be (19/(-5) - o/(-20)) + 8. Let w(j) = 18*j**2 + 2*j + 3. Let d be w(y). Calculate the greatest common factor of 13 and d.
13
Let z be 236/(-59) - (-190)/10. What is the highest common divisor of 3165 and z?
15
Let f = -7960 + 7962. What is the highest common factor of f and 202?
2
Suppose -309 = -6*m + 33. Suppose -2654 + 431 = -9*v. Calculate the greatest common divisor of m and v.
19
Let k = 84 - 82. Suppose -2*i = 3*i + 2*f - 24, 2*i - 4 = k*f. Suppose -i*c - 36 = -96. Calculate the greatest common divisor of 10 and c.
5
Let j be ((-24)/80)/(-3) - (-605996)/40. What is the greatest common divisor of 150 and j?
150
Let y be (1032/301)/((-2)/7). Let o be ((-14)/4)/(y/24). What is the highest common divisor of o and 49?
7
Let r(a) be the third derivative of 0*a + 8*a**2 + 23/2*a**3 + 1/12*a**4 + 0. Let h be r(-27). Calculate the highest common factor of h and 5.
5
Suppose 4*i - 7*i + 2 = -a, -5*a - 3*i - 10 = 0. Let t be 3/(3/a)*(-60 - -57). Calculate the highest common factor of 51 and t.
3
Let z = 20658 + -18639. Calculate the highest common factor of 15 and z.
3
Let l = -48304 + 48391. Suppose -331 = -2*y - 41. What is the greatest common divisor of y and l?
29
Let x = -74 - -99. Suppose 4*b + 56 = 2*a - 6, a + b = x. Suppose 4*g - a = 21. Calculate the highest common divisor of 4 and g.
4
Let q(f) = f**3 - f**2 + 2*f + 455. Let b be q(0). What is the greatest common divisor of 1638 and b?
91
Suppose 4*j + 4*l = 5922 - 66, -2*j + 2940 = 4*l. What is the highest common factor of j and 6?
6
Let x(w) = -766*w**2 - 3*w - 3. Let a be x(-1). Let k = -516 - a. Calculate the greatest common divisor of k and 100.
50
Let k = -135064 + 135469. Let a(c) = -91*c**3 - c**2 - c - 1. Let f be a(-1). What is the highest common factor of k and f?
45
Let l be (((-56)/(-8))/7)/(1/13). Suppose -l*c - 5*c = -4176. Calculate the highest common factor of c and 8.
8
Suppose -5*x - 25 = 0, -i + 17*x + 5039 = 14*x. Calculate the greatest common divisor of 157 and i.
157
Suppose -781 = -21*f + 2306. What is the highest common divisor of 84 and f?
21
Suppose 134*l - 2*l = 256212. What is the greatest common divisor of 3 and l?
3
Suppose 3169*i - o - 7071 = 3165*i, 3*o = 2*i - 3513. What is the greatest common divisor of i and 944?
118
Let p be (-480)/192*(2 - 30). Calculate the highest common divisor of 230 and p.
10
Suppose -30485 = -2*v + 3*p, -5*p + 53986 = 3*v + 8211. What is the greatest common factor of 25 and v?
25
Let l(q) = -3*q + 5. Let i(k) = -k**2 - 3*k - 8. Let p be -4 + 2 + (2/(-2))/1. Let d be i(p). Let b be l(d). Calculate the highest common factor of 232 and b.
29
Let t be (1190/(-476))/((0 - 2) + 382/192). Calculate the greatest common factor of t and 80.
80
Let a be (-4 - (-110)/25) + 2052/20. Let r = -92 + a. Let v = 319 + -176. What is the greatest common divisor of v and r?
11
Let t(o) = 1276*o + 2618. Let h be t(-2). What is the highest common divisor of h and 297?
33
Let t be 138/(-15)*(2 + 238/(-4)). Suppose 0 = 8*f - 568 + 384. Calculate the greatest common divisor of t and f.
23
Suppose -29*r + 33*r = -16. Let o be (-21)/28 - 323/r. Suppose 63*w - o = 61*w. Calculate the greatest common factor of w and 5.
5
Suppose -2*o - 2*r + 6 = -6, 4*o + 2*r = 16. Let q be 5*(-2764)/(-20) + (8 - o). What is the greatest common divisor of q and 82?
41
Let c = 2882 - 2846. What is the highest common factor of 1710 and c?
18
Let k(t) = -28*t**3 + t**2 + 5*t + 5. Let b be k(-2). Let y = b + -147. What is the greatest common divisor of 4 and y?
4
Suppose -5*p + 7*q + 1035 = 5*q, 5*q = 0. Let v = 35 - 26. Calculate the greatest common factor of p and v.
9
Let f = 17169 + -17149. What is the greatest common divisor of 6340 and f?
20
Let q be (-600093)/(-702) + 3/18*-5. What is the highest common divisor of 28 and q?
14
Suppose 6*z = -13*z + 38. Suppose z*u + 13*u = 960. What is the greatest common divisor of u and 24?
8
Let k(t) = t**2 + 30*t + 480. Let m be k(-35). Calculate the highest common factor of 35 and m.
5
Suppose -829 - 108 = -4*t + w, -3*w = t - 244. Let z = -240 + -155. Let i = -348 - z. What is the greatest common factor of i and t?
47
Suppose 2*f = -5*h - 3*f + 215, -3*h + 3*f + 111 = 0. Calculate the greatest common factor of h and 2940.
20
Suppose -2*a = -3*b - 126, -5*a = -5*b - 108 - 192. Calculate the greatest common factor of a and 8802.
54
Suppose 12*g - 9084 = 10*g + 3*d, -3*d = -g + 4548. Calculate the highest common factor of 56 and g.
56
Suppose -2*j + 0 = -38. Let u(s) = 3*s**2 - 58*s + 35. Let g be u(j). What is the gr